 5*t - r - 70 = 0. Calculate the remainder when 46 is divided by t.
7
Suppose -46 - 46 = -4*o. Suppose 16*h - 18*h + 4*b + 80 = 0, 3*h - 120 = 4*b. What is the remainder when h is divided by o?
17
Calculate the remainder when ((-76)/(-8))/(1/4) is divided by 6*(42/27)/(26/39).
10
Let l(i) be the third derivative of -i**5/60 - 7*i**4/24 - i**3/3 - 4*i**2. Let j be l(-3). Let k = j - -30. Calculate the remainder when k is divided by 7.
5
Let b(f) = -5*f**2 + 19*f + 60. Let x(n) = 11*n**2 - 38*n - 121. Let z(w) = -13*b(w) - 6*x(w). Calculate the remainder when 77 is divided by z(-4).
5
Let t(k) = -2*k - 3. Let l = 2 + -6. Suppose 16 + 10 - 44 = -2*x. What is the remainder when x is divided by t(l)?
4
Suppose -4*w = 4*h - 200, 76 = 2*h + 76. Calculate the remainder when w is divided by 14.
8
Let p(k) = -466*k - 645. Calculate the remainder when p(-3) is divided by 126.
123
Suppose 42*a = -456 - 6. Let t(w) = 20*w + 234. Calculate the remainder when 369/7 - (-2)/7 is divided by t(a).
11
Suppose 251*w - 10903 = -612. Calculate the remainder when 16766 is divided by w.
38
Let d(g) = g**2 + 21*g + 145. Suppose 6*s = 3*s + 54. Calculate the remainder when d(-7) is divided by s.
11
Let x = -10299 + 10475. Calculate the remainder when 659 is divided by x.
131
Let y = 715 + -712. Calculate the remainder when 18 is divided by ((-21)/y)/((-77)/22).
0
What is the remainder when (-25)/15*(-279540)/150 is divided by 14?
12
Let y = -17174 - -21140. Calculate the remainder when y is divided by 25.
16
What is the remainder when 1030 is divided by -971*(-9)/17 + (-42)/714?
2
Let k(q) = q**2 + 33*q + 37. Let n be k(-32). Calculate the remainder when 126 is divided by -3 + 44 + n + -1.
36
Suppose 0 = -92*s + 414591 - 67015. Calculate the remainder when s is divided by 14.
12
Calculate the remainder when 412 is divided by ((1 + 8)/(-9))/((-1)/19).
13
Suppose 25 = x - 2*x. Let g(a) = a**3 - 14*a**2 + 33*a - 275. Let j be g(13). Let h = j - x. What is the remainder when 21 is divided by h?
1
What is the remainder when 158 is divided by (45/35)/9 + (-564)/(-21)?
23
Suppose -12*g = -9*g + z - 12765, -5*g - 3*z + 21279 = 0. What is the remainder when g is divided by 99?
96
Suppose -6 = -w - 0*w. Suppose -99 = -3*g - w*g. Let a = 3 + g. Calculate the remainder when a is divided by 4.
2
Let c(h) = 4*h**2 - 36*h - 405. What is the remainder when c(-12) is divided by 162?
117
Let x(r) = 2*r**2 + 80*r - 2160. Suppose -3*u = 3*l - 2*u - 143, -l + 47 = u. What is the remainder when x(19) is divided by l?
34
Let q = -26 - -28. Let b be 3/6*4*q. Suppose b*o + 38 = r, -6*o = 4*r - o - 110. Calculate the remainder when 179 is divided by r.
29
Let o = 49 - -4. Let g be (5 - (1 - 1))*34/(-17). What is the remainder when o is divided by (-316)/g - 4 - 6/10?
26
Suppose 3*r - 3748 = -1180. Calculate the remainder when r is divided by 43.
39
Calculate the remainder when ((-102)/7)/(1089/(-770) - 24/(-20)) is divided by 59.
9
Let l(j) = 7*j**2 + 32*j + 143. Calculate the remainder when 734 is divided by l(-4).
99
Suppose 0 = 5*a - 5*j - 23 - 27, -74 = -5*a - j. Let i = -802 - -882. What is the remainder when i is divided by a?
10
Suppose -32*t - 5*t + 11286 = 17*t. Calculate the remainder when t is divided by 45.
29
Let x = 81 - 49. Suppose 524 = 4*z + x. Suppose -7*u + 45 = -z. What is the remainder when 118 is divided by u?
22
Let w = -111 + 112. Let z be ((4/3)/((-6)/9))/w. Calculate the remainder when (50/(-15) - z)*-24 is divided by 20.
12
Suppose 4*z - 132 = 2*r, 2*z = -87*r + 83*r + 36. Calculate the remainder when 394 is divided by z.
4
Suppose 2608 = 3*l - 2*q, -2*q + 4368 = 59*l - 54*l. What is the remainder when l is divided by 125?
122
Let z(g) = -37*g**2 + 523*g - 5. Calculate the remainder when 193 is divided by z(14).
63
Suppose -123*v + 4*o + 92 = -121*v, -4*v = -3*o - 179. Calculate the remainder when 145 is divided by v.
13
Suppose 0 = 5*s - 10, 4*y - 637 = 5*s + 157. What is the remainder when y is divided by 4?
1
Let s be 5 - (1 + 1 - 1). Let y be ((-72)/(-10))/((-10026)/720 + 14). Suppose 62 = r - 3*l - 6, y = r + s*l. What is the remainder when r is divided by 12?
8
Suppose 47 = 9*v - 61. Suppose 10*c + v = 92. Calculate the remainder when 17 is divided by c.
1
Let g = 5 - 5. Suppose 2*z - 3*q = 3, g = -3*z + z - q - 9. Let n = 3 - z. Calculate the remainder when 21 is divided by n.
3
Suppose 14*b - 108 = -40*b. Suppose -5*w + 124 = b*n - 4*w, -4*w - 336 = -5*n. What is the remainder when n is divided by 44?
20
Let r(a) = 3*a**2 - 170*a - 345. Calculate the remainder when 3940/90 - (-4)/18 is divided by r(-2).
2
Calculate the remainder when 1531 is divided by 510/1530 + 11/3.
3
Let n(v) = v**3 + 65*v**2 + 184*v - 40. Calculate the remainder when n(-62) is divided by 45.
39
Suppose 3*v - 554 = 2*g, -v + 196 = 12*g - 7*g. Suppose w - 3*b - 16 = 0, -2*w - w = b - 58. Calculate the remainder when v is divided by w.
15
Suppose -23*q = 2 - 2647. Calculate the remainder when 344 is divided by q.
114
Let j(q) = q**3 - 10*q**2 + 12*q + 16. Let w be j(11). Let r = w + -240. Suppose 0*b - 4*b + 32 = 0. What is the remainder when r is divided by b?
5
Let b = -6976 - -7024. Calculate the remainder when 1959 is divided by b.
39
Let y(h) = 4*h - 11. Let o = 433 + -369. What is the remainder when o is divided by y(6)?
12
Suppose -230*k - 268*k = -13944. Calculate the remainder when 16770 is divided by k.
26
Let v = -532 + 536. Let k(q) = q - 2. Let p be k(4). Calculate the remainder when p - (-3)/(-3) - -18 is divided by v.
3
Let p(a) = a**2 + 12*a - 727. What is the remainder when p(33) is divided by 15?
8
Suppose 11*k - 30*k = 20*k. Suppose k = -12*h + 43*h - 2387. Calculate the remainder when h is divided by 46.
31
Let n(p) = -6*p**2 - 46*p + 59. Calculate the remainder when n(-5) is divided by (-2 - 5)*4*-1.
27
Calculate the remainder when 1335 is divided by (15 + -17)/((-2)/319).
59
Let r(j) be the first derivative of 3*j**3 - 29*j**2/2 + 52*j - 49. Calculate the remainder when 82 is divided by r(2).
22
Let w = 2067 + -1901. What is the remainder when 183 is divided by w?
17
Let f(z) = 89*z - 126. Let d = 125 - 89. Calculate the remainder when f(3) is divided by d.
33
Let p = 474 - 467. Let w(j) = -j**3 - 11*j**2 + 2. Calculate the remainder when p is divided by w(-11).
1
Suppose 736*b - 1047*b + 168562 = 0. Calculate the remainder when b is divided by 34.
32
Let b = 191 + -186. Suppose d - 585 = -5*f, 2780 = b*d - 5*f + f. Calculate the remainder when d is divided by 51.
50
Let w = 137 + -121. Let r = 125 - 8. Suppose v = 2*j + r, -2*v - 4*j = -j - 206. What is the remainder when v is divided by w?
13
Let t be (-11 + 15)*(-1 - 66/(-4)). Let j = t + -63. Calculate the remainder when j/1 + 322/7 is divided by 8.
5
Let o(q) = -q**3 - 70*q**2 + 2*q + 184. Calculate the remainder when 578 is divided by o(-70).
6
Let k(h) = h + 1. Let o(l) = -l - 24. Let q(n) = -6*k(n) - o(n). Let v(y) = y**3 - 7*y**2 + y + 2. Calculate the remainder when q(-7) is divided by v(7).
8
Let q(l) = l + 125. Let a be q(-20). Suppose -7*x + 336 - a = 0. Calculate the remainder when 263 is divided by x.
32
Suppose 20*u - 10625 = -1765. What is the remainder when u is divided by 149?
145
Suppose 3*x - 18 = 21. Suppose -x*g = -144 - 376. What is the remainder when 69 is divided by g?
29
What is the remainder when 333 is divided by 4712/28 - (-115)/161?
164
Let j(z) = 5*z - 3. Let f(o) = -284*o - 2505. Calculate the remainder when f(-9) is divided by j(4).
0
Let d = -112 + 127. Let n(p) = -p**3 + 13*p**2 - 12*p. Let z be n(12). Suppose -2*m - m + 126 = z. Calculate the remainder when m is divided by d.
12
Let w(m) = -2*m**3 - m**2 - 2*m + 6. Let t = 151 + 19. Calculate the remainder when t is divided by w(-3).
56
Let f(w) = 83*w**2 + 4*w + 1. Let r be (26/(-8))/((-4)/(-16)). Let q = 28 + r. Calculate the remainder when f(1) is divided by q.
13
Suppose 0 = 2*j - 2, -4*l = 6*j - j + 3. Let a(c) = 16*c**2 + 6*c + 4. Let n be a(l). Suppose -z = z - n. Calculate the remainder when z is divided by 3.
1
Suppose -4*j + z + 2497 = 0, 13*j - 18*j - 4*z = -3116. Suppose 0 = -118*t + j + 1972. Suppose 157 + 170 = 3*d. Calculate the remainder when d is divided by t.
21
Suppose 15 = 53*c - 56*c. What is the remainder wh